-6) is divided by b?
47
Let g be (-2 + 2)*(1 - 2)*-1. What is the remainder when 403 is divided by g - (-2)/5 - (-23616)/410?
55
Let g(t) = -t**3 + 9*t**2 + 5. Suppose 10 + 40 = 5*z + 5*h, 5*h - 14 = -z. Suppose 69*u + 196 = 104 + 851. What is the remainder when u is divided by g(z)?
1
Let r(z) = -7*z**2 + 19*z + 38. Calculate the remainder when 708 is divided by r(4).
0
Calculate the remainder when 125 is divided by 3 + 3 + 3/(-6)*34/(-1).
10
Calculate the remainder when 4435 is divided by (-111)/2*(6 - 80/12).
32
Let i(w) = -11 - 2*w - 11*w - 10. Suppose -4*y = -1 + 25. What is the remainder when i(y) is divided by 13?
5
Suppose -s + 5*b + 5 = 0, -b - 4 = b. Calculate the remainder when s/(-10) - 1/(4/(-786)) is divided by 11.
10
Let n be (-273)/(-26)*((-4)/(-6) + 0). Let b(y) = -6 - 107*y - 18*y + n. Calculate the remainder when b(-1) is divided by 33.
27
Let m = 6796 + 885. Calculate the remainder when m is divided by 122.
117
Let y(c) = -49*c**2 - 51. Let q be y(-11). Suppose 0 = 2*v + 2*v - 276. What is the remainder when v is divided by 1 - 11/9 - q/585?
9
Let k = 2221 + -1996. Calculate the remainder when k is divided by 95.
35
Let m be 0/(-6) - 3 - -44. Let u = 62 - m. What is the remainder when u is divided by 16?
5
Suppose -15*m - 3*r = -21*m + 480, 3*m + r = 235. What is the remainder when 4896 is divided by m?
77
Let o(m) = m**3 + m + 199. Let k be (15/10)/((-6)/(-16)) - 66. Let f = k + 102. What is the remainder when o(0) is divided by f?
39
Let c(f) = -4*f**3 + 8*f**2 - 4*f + 16. Let p be c(7). Let l be (45/(-20))/(12/p). Let m = -98 + l. What is the remainder when m is divided by 18?
16
Let x(o) = o**2 - 74*o + 3574. What is the remainder when x(63) is divided by 31?
29
Suppose -2680 = -159*x + 1188 - 847. Suppose -116 = -2*q + 66. What is the remainder when q is divided by x?
15
Let l(k) = -3*k - 21. Let s(h) = 3*h + 20. Let r(a) = 6*l(a) + 7*s(a). Let g be r(0). Let w = 133 - g. Calculate the remainder when w is divided by 30.
29
Suppose -5*w + 457 - 392 = 0. Let u(d) be the first derivative of -d**4/4 + 4*d**3 + 7*d**2 + 2*d - 2. Calculate the remainder when 43 is divided by u(w).
13
Suppose -4*j + 616 = 2*g, 16*g - 12*g + 5*j = 1220. Suppose -g = 14*f - 20*f. What is the remainder when f is divided by 21?
8
Suppose 73 = 2*i - 69. Suppose 26*l - 23*l + 367 = k, 0 = -4*k + l + 1413. Calculate the remainder when k is divided by i.
68
What is the remainder when 16320/180 + (-8)/12 is divided by 50?
40
Suppose 106*q - 157*q = -2142. What is the remainder when 587 is divided by q?
41
Suppose -4*x = 4*z - 32, 2*z - 5*x = 20 + 38. Suppose -4*o + 8 = -0*o. Suppose -d - o*b = 3*d - 8, 3*b + 15 = 3*d. What is the remainder when z is divided by d?
2
Let j(i) = -7*i**2 - 15*i + 10856. Calculate the remainder when j(0) is divided by 47.
46
Calculate the remainder when 1362 is divided by (-7*(0 + -6 + 5))/(10/50).
32
Let h(j) = -5*j**2 + 236*j - 37. Suppose 10*r - 10 = 5*r. Suppose -3*z = -r*o + 14, z = -o - 2*z + 7. What is the remainder when h(47) is divided by o?
3
Let b(j) = j**3 + 14*j**2 - 10*j + 71. Let w be b(-13). Let c = 448 - w. What is the remainder when c is divided by 16?
14
Suppose c - 9 = -3*m, 518*m + 44 = 522*m - 4*c. What is the remainder when 2653 is divided by m?
3
Suppose 9*i = -13*i + 264. Suppose 121 = i*a - 71. What is the remainder when 47 is divided by a?
15
Suppose 0 = -p + 6*m - 8*m + 2068, -6164 = -3*p + 4*m. What is the remainder when p is divided by 686?
2
Let o = -31 + 28. Let v be o*(-6)/(-45) - 110/(-25). Suppose -95 = -5*a - 5*w, v*a = 5*w + 83 + 29. What is the remainder when a is divided by 8?
7
Suppose -2*a = c - 6 + 1, 4*a - 17 = 5*c. Suppose -a*u + y + 251 = 0, 0*u = 4*u - 5*y - 320. What is the remainder when 419 is divided by u?
79
Suppose -259*w + 329 = -3809 - 1819. Calculate the remainder when 148 is divided by w.
10
Suppose 32*d - 37*d + 2317 = -4*x, x = 2*d - 925. Calculate the remainder when d is divided by 155.
151
Let g = -694 - -684. Let u(q) = q**2 + 8*q + 28. Calculate the remainder when u(g) is divided by 39.
9
Suppose -3*b - 8 = -161. Let l(j) = -j**3 - 3*j**2 + 2*j - 2. Let s be 6*(-1 + 4/12). What is the remainder when b is divided by l(s)?
3
Let g(u) = 4*u**2 - 20*u - 334. What is the remainder when g(-9) is divided by 117?
53
Let r = -6119 - -6212. Calculate the remainder when 320 is divided by r.
41
Let k(g) = 2*g**3 + 9 + 16 - g**3 - 123*g**2 + 145*g**2 + 40*g. What is the remainder when k(-19) is divided by 9?
6
Let f(j) = -j**3 + j**2 - 4*j - 9. Suppose 3*y - 4*y - 3*s + 93 = 0, 5*y = s + 545. Let w be 5*1 + y/(-12). Calculate the remainder when f(w) is divided by 23.
18
Let r(u) = 14*u**3 + 8*u**2 - 27*u - 5. What is the remainder when r(6) is divided by 75?
70
Suppose -3131 = -98*m + 146*m - 21707. What is the remainder when m is divided by 39?
36
Let m(d) = 5*d**2 - 8*d - 119. Calculate the remainder when 90 is divided by m(-5).
44
Let l = 475 + -476. Calculate the remainder when 2*(l + 43/2) is divided by 14.
13
Suppose -186*s - 6 = -188*s, 0 = 3*o - 4*s - 444. What is the remainder when 1213 is divided by o?
149
Let f(i) = 6*i. Let u be f(6). Calculate the remainder when 8 + -8 + 183/3 is divided by 2/(-9) + ((-1600)/u)/(-2).
17
Suppose 3*k = 7*k - 4*a - 24, 4*k + 4*a = -8. Let s(x) = -6*x + 26 + 11*x - k*x. What is the remainder when 49 is divided by s(0)?
23
Let t(j) = j**2 + 8*j + 8. Let l be t(-9). Suppose 5*k = 2*k - p + 124, 0 = -p + 1. Suppose 2*s - k = l. What is the remainder when 200 is divided by s?
26
Let j = -1607 - -3032. What is the remainder when j is divided by 12?
9
Suppose -661 + 2794 = 50*u - 2517. Calculate the remainder when u is divided by 59.
34
Let j(g) = -109*g + 3. Let x be j(1). Let p = -98 - x. What is the remainder when 20 is divided by p?
4
Let m = 1046 + -987. What is the remainder when 259 is divided by m?
23
Let h = 9 + -37. Let d = 31 + h. What is the remainder when 117 is divided by (-1)/d*(-40 - 5)?
12
Suppose 19*h + 36724 = 195*h - 326716. What is the remainder when h is divided by 686?
7
Let v = 4968 + -4909. What is the remainder when 3654 is divided by v?
55
Let o(u) = 345*u - 2046. What is the remainder when 2492 is divided by o(6)?
20
Let t = 1065 + -972. What is the remainder when 384 is divided by t?
12
Let c = -193 - -206. Suppose -218*s = -219*s + c. What is the remainder when 20 is divided by s?
7
Let a(p) = 3*p + 72. Let z be (6/4)/(-4 - (-314)/80). What is the remainder when 117 is divided by a(z)?
9
Let v(p) = -p**2 - 45*p + 762. Let g(u) = 2*u**2 + 8*u - 10. What is the remainder when v(-57) is divided by g(-7)?
14
Let f = -494 - -483. Let h(t) = 2*t**2 + 23*t + 52. Calculate the remainder when h(f) is divided by 12.
5
What is the remainder when (-2 - (-66)/(-24))/((-30)/19080) is divided by 56?
53
Calculate the remainder when 139 + (12 + (-12 - -4))*-1 is divided by 27.
0
Suppose -2356 = 1746*d - 1777*d. What is the remainder when 103 is divided by d?
27
Let f(x) = 2659 + 4*x - 24*x - 2471. Calculate the remainder when 2/1*46/4 is divided by f(9).
7
Let o be ((-3)/(-6))/(2/44). Let z = o + -8. Suppose 2*f - 123 - 65 = -4*k, z*f - 6 = 0. What is the remainder when k is divided by 17?
12
Suppose 5*c = 2*b - 144, -4*b + 3*c + 272 = c. Let r = 14 - 9. Suppose 4*y = 3*z + 2*z - 90, -18 = -z - r*y. What is the remainder when b is divided by z?
13
Let t(h) = 61*h + 14. Let f be t(10). Suppose 2*b + b = f. Calculate the remainder when b is divided by ((-25)/15 - -1)*(-477)/6.
49
Suppose -21 = 75*j - 96*j. What is the remainder when 58 is divided by (24/(-48))/(j/(-58))?
0
Let t be 2/((-35)/(-10) - 4). Let y(i) = i**2 + 6*i + 11. Let p be y(t). Suppose 4*s = p*s + 3. What is the remainder when 19 is divided by s?
1
Let v = 3444 + -1469. What is the remainder when v is divided by 43?
40
Suppose 3*q - 4*j - 42 - 19 = 0, 0 = 3*q - j - 76. Suppose 69 + q = 3*b. What is the remainder when b is divided by 10?
2
Suppose 34*j = 11*j - 7*j + 30840. Calculate the remainder when j is divided by 78.
14
Let b = 13 + -15. Let o(w) = -5*w**3 - 2*w**2 + w + 1. Let p be o(b). Let z = p - 18. Calculate the remainder when 75 is divided by z.
10
Let j(p) = 10*p - 51. Let i be j(6). Suppose i*b + 246 - 741 = 0. What is the remainder when 213 i